-7).
95
Let y(q) = -q**3 - 19*q**2 - 18*q + 17. Give y(-18).
17
Let d(z) = -z**3 + 9*z**2 - z - 2. What is d(4)?
74
Let j(r) = r**3 - 19*r**2 + r - 27. Give j(19).
-8
Let s(g) = g - 7. Calculate s(5).
-2
Let u(c) = c**3 - 43*c**2 - 3. Determine u(43).
-3
Let t(o) = -o**2 - o + 15. What is t(0)?
15
Let v(h) = h**3 + 15*h**2 - 8*h - 10. Calculate v(-16).
-138
Let p(n) = n**2 + 4*n - 14. Determine p(-7).
7
Let s(a) = 14*a - 232. Determine s(17).
6
Let w(x) = x**3 + 4*x**2 - 5*x + 2. Calculate w(-4).
22
Let y(g) = -g**3 + 46*g**2 - 89*g + 43. Determine y(44).
-1
Let w(s) = s**3 - 10*s**2 + 11*s - 4. Calculate w(9).
14
Let a(s) = -s**3 + 7*s**2 - 7*s + 4. Give a(6).
-2
Let c(y) = -3*y**2 - 20*y - 11. Give c(-8).
-43
Let j(s) = -3*s**2 - 17*s. Give j(-6).
-6
Let p(a) = a**3 + 10*a**2 + a + 13. Determine p(-10).
3
Let y(i) = -i**2 - 4*i + 7. Calculate y(5).
-38
Let k(p) = p**2 - 5*p + 2. Determine k(6).
8
Let h(g) = g**3 + 15*g**2 - 16*g - 7. Calculate h(-16).
-7
Let k(j) = 2*j + 96. Calculate k(-22).
52
Let l(a) = -11*a - 46. What is l(-4)?
-2
Let d(y) = -y - 22. Determine d(0).
-22
Let i(h) = h**3 - 3*h**2 - 4*h + 6. What is i(2)?
-6
Let a(b) = b**3 - 11*b**2 - b + 2. Give a(11).
-9
Let q(z) = 2*z**2 - 6*z - 4. Determine q(4).
4
Let a(d) = -d**3 + 5*d**2 + d + 4. Determine a(6).
-26
Let o(w) = w**3 - 19*w**2 + w - 13. What is o(19)?
6
Let c(r) = r + 2. Give c(-3).
-1
Let w(j) = j**2 - 6*j + 9. Give w(2).
1
Let o(b) = b**2 - 12*b - 22. Calculate o(10).
-42
Let c(a) = a**3 - 13*a**2 - 13*a - 33. Determine c(14).
-19
Let c(x) = -x + 28. Determine c(-24).
52
Let u(a) = -a + 15. Calculate u(19).
-4
Let l(t) = -5*t**2 + 3*t + 4. Determine l(-1).
-4
Let j(b) = 3*b - 16. Give j(7).
5
Let l(x) = 2*x**2 + 3*x + 4. Give l(3).
31
Let n(k) = -k**2 - 7*k - 3. Give n(-4).
9
Let o(t) = 9*t - 15. What is o(1)?
-6
Let b(v) = -7*v + 9. Give b(2).
-5
Let w(r) = 12*r**3 - 3*r**2 + 4. What is w(2)?
88
Let o(f) = 3*f - 44. Determine o(11).
-11
Let f(p) = 2*p + 61. What is f(0)?
61
Let p(o) = -o**2 - o - 16. What is p(0)?
-16
Let a(g) = 2*g**3 - 5*g**2 + g + 2. Calculate a(4).
54
Let a(y) = -y**3 - 30*y**2 + 31*y + 14. Give a(-31).
14
Let h(p) = -p**3 - 6*p**2 + p - 10. Determine h(-5).
-40
Let c(a) = a**2 + 4*a + 4. What is c(-5)?
9
Let n(m) = m**3 + 8*m**2 + 8*m + 5. Determine n(-6).
29
Let p(q) = -q + 5. What is p(0)?
5
Let u(q) = -2*q**2 + 6*q - 3. Determine u(4).
-11
Let o(p) = -p**2 - 4*p + 13. What is o(-6)?
1
Let v(f) = -f**3 + 10*f**2 - 20*f + 24. What is v(8)?
-8
Let w(p) = -53*p + 331. Determine w(6).
13
Let y(o) = 19*o + 81. Calculate y(-3).
24
Let c(y) = -31*y - 2. Determine c(-1).
29
Let r(o) = -3*o**3 - 10*o**2 + o + 6. Calculate r(-3).
-6
Let a(w) = -3*w**3 - w**2 - 2*w - 2. Give a(-2).
22
Let j(o) = o**3 - 67*o**2 + 126*o + 252. What is j(65)?
-8
Let l(u) = -2*u**3 + 35*u**2 + 20*u - 39. Give l(18).
-3
Let k(q) = q**3 - 39*q**2 - 40*q - 18. Determine k(40).
-18
Let a(u) = 12*u - 108. Determine a(11).
24
Let r(v) = -2*v + 19. Calculate r(-7).
33
Let l(t) = 56*t + 3. Determine l(3).
171
Let x(s) = -s + 13. What is x(5)?
8
Let x(r) = -r - 18. What is x(-17)?
-1
Let a(w) = -w**3 + 4*w**2 + 8*w - 4. Give a(5).
11
Let l(m) = 3*m**2 - 9*m - 6. Determine l(3).
-6
Let o(j) = -j - 6. Calculate o(-5).
-1
Let x(i) = -2*i - 12. Give x(-4).
-4
Let o(k) = -19*k + 5. Calculate o(-4).
81
Let g(i) = -108*i - 20. What is g(-2)?
196
Let z(d) = -d + 3. Determine z(-4).
7
Let o(d) = -2*d - 30. Determine o(-11).
-8
Let d(v) = v**3 - 5*v**2 + v + 5. Give d(3).
-10
Let s(o) = o**3 - 14*o**2 + 13*o + 1. Calculate s(13).
1
Let d(q) = -q**2 - 16*q + 10. Calculate d(0).
10
Let p(s) = s**2 + s + 36. Calculate p(0).
36
Let b(k) = -k**3 - 31*k**2 + 65*k - 40. Calculate b(-33).
-7
Let o(r) = -r**2 + 20*r - 5. Calculate o(21).
-26
Let h(v) = -v**3 - 7*v**2 + 12*v + 43. Determine h(-8).
11
Let a(s) = s. Calculate a(9).
9
Let f(l) = -7*l - 74. What is f(-14)?
24
Let f(w) = w**3 - 10*w**2 + 6*w + 10. What is f(9)?
-17
Let d(z) = -10*z - 137. Give d(-14).
3
Let b(p) = p**3 + 18*p**2 + 30*p + 1. What is b(-16)?
33
Let d(j) = j**2 - 6*j - 56. Determine d(10).
-16
Let s(x) = -x**2 + 4*x + 1. Give s(5).
-4
Let s(b) = b**2 + 6*b + 7. What is s(-4)?
-1
Let u(j) = -j**3 - 8*j**2 - 8*j - 4. Calculate u(-6).
-28
Let g(b) = -b**3 - 9*b**2 - 5*b + 1. What is g(-7)?
-62
Let j(y) = y + 3. What is j(-3)?
0
Let i(n) = -52*n + 6. Determine i(1).
-46
Let u(a) = -a**3 - 3*a**2 + 3*a + 1. Calculate u(-4).
5
Let o(l) = -l**3 + 5*l - 5. Determine o(2).
-3
Let r(x) = -2*x**2 + 6*x + 48. What is r(-4)?
-8
Let v(f) = f**2 - 16*f + 48. Give v(12).
0
Let w(t) = -t**3 + 6*t**2 - 6*t - 3. What is w(5)?
-8
Let w(z) = z**3 + 7*z**2 - 2*z - 5. What is w(-7)?
9
Let j(t) = -t**3 + 10*t**2 - 11*t + 24. Calculate j(9).
6
Let k(h) = h**2 - 2*h - 5. Calculate k(-5).
30
Let j(r) = -8*r**2 + 2*r - 1. Calculate j(1).
-7
Let u(o) = o**2 + o - 2. What is u(-6)?
28
Let q(k) = k**3 + 35*k**2 - 37*k - 41. Determine q(-36).
-5
Let w(t) = -25*t + 10. Calculate w(2).
-40
Let a(d) = 11*d**2 - 10*d + 3. Give a(2).
27
Let y(f) = 32*f**2 + 3*f - 3. What is y(1)?
32
Let s(f) = -f**2 - 17*f - 7. Give s(-16).
9
Let s(i) = i**3 + 17*i**2 - 19*i - 44. Give s(-18).
-26
Let w(h) = -h**2 + 15*h + 19. Give w(14).
33
Let u(x) = x**3 - 18*x**2 + 16*x + 13. Calculate u(17).
-4
Let a(y) = -9*y - 5. Give a(11).
-104
Let u(r) = -r**3 + 11*r**2 + r - 14. What is u(11)?
-3
Let z(w) = w**3 + 8*w**2 + 12*w - 2. Determine z(-5).
13
Let k(x) = -x**3 + x**2 - 3*x - 17. Give k(0).
-17
Let r(d) = -d**3 + 5*d**2 + 4*d - 3. Calculate r(5).
17
Let z(m) = -m**3 - 4*m**2 - 6*m - 29. Determine z(-4).
-5
Let j(w) = -w**2 - 3*w + 51. Give j(-8).
11
Let q(j) = -2*j**2 - 7*j - 7. What is q(-4)?
-11
Let z(m) = -2*m**3 + 16*m**2 + 18*m - 7. What is z(9)?
-7
Let h(l) = -l**2 - l + 21. Calculate h(-6).
-9
Let d(t) = t**3 - 12*t**2 + 19*t + 2. Give d(10).
-8
Let z(b) = b**3 - 8*b**2 - 3*b. Calculate z(8).
-24
Let k(p) = -p**3 - 2*p**2 + 2*p + 12. Determine k(0).
12
Let y(t) = 78*t + 4. Give y(-1).
-74
Let f(b) = b**3 + 10*b**2 + b + 11. Determine f(-10).
1
Let w(m) = -11*m**2 + 2*m + 2. Give w(2).
-38
Let q(b) = -b**3 - b**2 + 4*b + 6. What is q(-3)?
12
Let r(k) = k + 8. Determine r(0).
8
Let q(l) = -2*l - 59. What is q(-27)?
-5
Let g(l) = l**2 - 38*l + 130. What is g(34)?
-6
Let r(t) = 2*t**2 - 19*t - 131. Determine r(14).
-5
Let a(l) = -l - 7. Determine a(-1).
-6
Let b(c) = -20*c - 188. Calculate b(-9).
-8
Let y(a) = 2*a**2 + 66*a + 124. Calculate y(-31).
0
Let s(r) = r**3 - 23*r**2 + 63*r - 69. What is s(20)?
-9
Let a(t) = -t**2 - 16*t. Determine a(-16).
0
Let o(j) = -9*j + 5. What is o(2)?
-13
Let f(a) = -8*a**2 + 3*a + 2. What is f(-1)?
-9
Let a(l) = l**3 - 12*l**2 + 19*l - 3. Determine a(10).
-13
Let s(g) = -4*g + 94. What is s(25)?
-6
Let o(h) = 5*h - 22. Give o(6).
8
Let d(g) = -g**2 - 8*g - 6. What is d(-6)?
6
Let c(z) = -16*z + 1. Calculate c(2).
-31
Let j(s) = s - 30. Determine j(29).
-1
Let x(b) = -9*b + 21. Calculate x(3).
-6
Let t(q) = -q**3 + 6*q**2. What is t(6)?
0
Let z(m) = -m**2 + 4*m - 7. Calculate z(2).
-3
Let y(x) = -x**2 + 7*x - 14. Calculate y(6).
-8
Let i(m) = m - 16. Calculate i(11).
-5
Let h(u) = -u**2 - 9*u + 6. Calculate h(-6).
24
Let o(g) = -5*g - 112. What is o(0)?
-112
Let m(z) = -z**2 + 8*z - 3. What is m(8)?
-3
Let c(y) = -y**3 + 15*y**2 - 14*y + 5. Determine c(14).
5
Let n(i) = i**3 + 9*i**2 + 12*i - 2. Calculate n(-7).
12
Let b(r) = r**3 + 16*r**2 + r + 20. Determine b(-16).
4
Let k(o) = -o**3 + 8*o**2 - 9*o - 7. What is k(7)?
-21
Let o(b) = -6*b - 21. What is o(-4)?
3
Let t(i) = -i**2 + 257*i + 2. Determine t(0).
2
Let u(f) = -2*f**2 - f. Calculate u(1).
-3
Let w(z) = -z**3 - 13*z**2 + 13*z - 37. Determine w(-14).
-23
Let i(h) = -18*h + 68. Calculate i(14).
-184
Let a(t) = -5*t - 5. What is a(5)?
-30
Let s(y) = 2*y**2 + 8*y - 157. Determine s(7).
-3
Let m(y) = -33*y + 10. Determine m(-4).
142
Let i(p) = p + 35. Determine i(-12).
23
Let a(i) = -34*i + 191. Determine a(6).
-13
Let n(a) = 2*a**2 - 18*a - 21. Calculate n(10).
-1
Let i(w) = 5*w + 24. Determine i(-10).
-26
Let t(b) = -b**3 + 2*b + 65. Determine t(0).
65
Let v(i) = -i**2 - 5*i - 4. Give v(-3).
2
Let g(d) = 84*d - 1. Determine g(0).
-1
Let w(m) = m - 44. Calculate w(29).
-15
Let x(